actor of j and 16?
2
Let m(v) = -v**2 + 7*v + 27. Suppose -4*f + 27 = -f. Let n be m(f). Let z be -12*(-16)/3 - 1. What is the highest common factor of z and n?
9
Suppose l - 18 = 4*c, -5*c - 21 = -11. What is the greatest common divisor of l and 3?
1
Let i = 37 - -26. Let n be 3/(-9)*1*-3 + i. What is the highest common divisor of n and 8?
8
Let g(z) = 14*z - 157. Let j be g(12). Calculate the highest common divisor of 297 and j.
11
Suppose -2*r + 277 = 3*f, -5*r - 2*f = -800 + 124. What is the highest common factor of 2 and r?
2
Let z be 2*(-16)/((-3)/3). Let r = -17 + z. Suppose -3*u + r = -3. What is the greatest common divisor of 66 and u?
6
Let y = 119 + -97. Let r = 39 - y. Calculate the highest common factor of r and 272.
17
Suppose -3*y - 2*v = -1378, v + 2390 - 115 = 5*y. Calculate the greatest common divisor of 24 and y.
24
Let a = -309 - -377. What is the highest common factor of 51 and a?
17
Suppose 5*n - 5 = 0, 21*n - 26*n + 89 = 3*h. Calculate the greatest common divisor of 7 and h.
7
Suppose 0 = 11*p - 67 - 120. Suppose v - 13 = 2*a, v - 26 = -4*v - 3*a. Let s = v + 27. Calculate the greatest common factor of s and p.
17
Suppose 4*y + 0*y = 0. Suppose -4*i + 3*l + 25 = 0, y*i - 5 = -2*i - l. Suppose 0*q + 88 = 2*q. Calculate the greatest common factor of i and q.
4
Let z = 21 - -31. Suppose 4*b - 3*o = 135, -2*o - z = -2*b + 14. What is the greatest common factor of 9 and b?
9
Let a(r) = -3*r**3 - 15*r**2 + 17*r. Let p(z) = -z**3 - 5*z**2 + 6*z. Let f(j) = 2*a(j) - 7*p(j). Let s be f(-6). What is the highest common factor of 12 and s?
12
Let r = -369 + 455. Calculate the highest common divisor of 387 and r.
43
Let h(k) = k**3 - 15*k**2 + 14*k. Let n be h(14). Suppose n*r = 5*r. Let p be 56 + 4/(-16)*r. What is the highest common factor of p and 7?
7
Suppose -n - 4*p = -56, -2*p - 3 = -5*p. What is the greatest common divisor of n and 78?
26
Let j(p) = 133*p**3 - 1. Let a be j(1). Suppose 7 = -2*r + 15. Suppose 0 = r*z + z - 60. Calculate the highest common factor of a and z.
12
Suppose 0 = -3*a + 14 - 2. Let p(r) be the third derivative of r**4/6 + r**3/3 - 6*r**2. Let c be p(a). What is the highest common divisor of 45 and c?
9
Let k = -68 + 211. Let d(x) = x**3 - 10*x**2 + 22*x + 25. Let v be d(6). Calculate the greatest common factor of v and k.
13
Let a be (-1)/5 + (-1323)/(-15). Let u be (-102)/27 + 22/(-99) + 26. What is the highest common factor of u and a?
22
Suppose -4*o = -6*p + 3*p - 578, 2*o - 3*p = 292. Calculate the highest common divisor of 65 and o.
13
Let b(f) = -f**3 - f**2 - f. Let t be b(0). Suppose t = -3*h + 5*k + 31, 0 = -0*h + h - 2*k - 11. Calculate the highest common factor of 63 and h.
7
Let l(i) = 10*i**2 + 7*i. Let t be l(5). Calculate the highest common factor of t and 19.
19
Let h(x) = -x**3 - 3*x**2 - x + 2. Let r be h(-4). Suppose -o - r = -31. Calculate the highest common factor of 18 and o.
9
Let q be (-1)/((-5)/(135/192) - -7). Calculate the highest common factor of q and 24.
3
Let h be (-5)/25 - (-156)/30. Calculate the greatest common factor of 20 and h.
5
Let y = -575 - -629. Suppose -d + 43 + 92 = 0. What is the greatest common divisor of d and y?
27
Let q = -75 - -134. Let o = 63 - q. What is the greatest common factor of 12 and o?
4
Suppose -v - 4*z + 178 = 0, 9*z - 6*z - 579 = -3*v. What is the greatest common divisor of v and 33?
33
Let b(u) = -31*u - 88. Let g be b(-8). What is the greatest common divisor of 32 and g?
32
Let g(z) = 112*z - 14. Let i be g(8). Suppose 7*u + 0*u - i = 0. What is the highest common factor of 18 and u?
18
Suppose 0 = 3*m + 4*d - 377, 11*m + 481 = 15*m + d. What is the greatest common factor of m and 7?
7
Suppose -5*x + 110 = -5*r, 0 = -x - 5*r + 35 - 1. Suppose o - 2*c + 0 = 4, 0 = -o - 2*c + x. Calculate the greatest common divisor of 98 and o.
14
Suppose 7*f - 2*f - 5 = 0. Let v be 93/6 - f/2. Suppose q = 3*a + v + 9, -14 = -q + a. What is the greatest common factor of q and 3?
3
Suppose 4*f + 403 = 5*n - 809, -3*n = 2*f - 714. Calculate the greatest common factor of 30 and n.
30
Suppose 6*b - 642 = -510. Let v be 2 + 1/(2/40). What is the highest common divisor of b and v?
22
Let y(m) = 11*m + 2. Let p be y(2). Let l = -6 - -81. Let w = -69 + l. What is the highest common factor of w and p?
6
Suppose -11 = -14*u + 3. What is the greatest common factor of 23 and u?
1
Suppose 0 = 3*t - 187 + 43. Let d = -10 + 22. Calculate the highest common divisor of d and t.
12
Suppose 10*v - 2*z - 82 = 7*v, -5*z = -20. Let t(y) = 29*y**2 - 3*y. Let u be t(-3). Calculate the highest common factor of u and v.
30
Let i be (3 - -5 - -4)*27/2. Calculate the greatest common divisor of 270 and i.
54
Let u = -507 - -536. Let a(c) = 233*c**3 - c. Let m be a(1). What is the highest common factor of m and u?
29
Let b = -942 + 1242. What is the greatest common divisor of b and 24?
12
Let h be (-11)/((-33)/(-14))*15. Let q = -48 - h. Calculate the greatest common factor of q and 44.
22
Let c be 6*((-102)/(-12) - 5). Calculate the highest common factor of 21 and c.
21
Let f(g) = 3*g**2 - 15*g + 6. Let a be f(6). Suppose 3*s - 6 = a. What is the highest common divisor of s and 80?
10
Let z = 0 - -6. Suppose -2*k - 3*l + z = 0, -3*k = -4*k + l + 3. Suppose 9 = k*m + b, -4*b = -0*b - 12. What is the highest common divisor of 22 and m?
2
Let o(d) = 15*d - 6. Let r be o(5). Let h(i) = -i**3 + 5*i**2 + 3*i - 1. Let n be h(4). Let p = r - n. Calculate the highest common divisor of 14 and p.
14
Suppose 3526*r - 3540*r + 294 = 0. Let z be (2/(-4))/(3/(-42)). Calculate the greatest common factor of r and z.
7
Let x be (-76*3/(-12))/((-2)/(-2)). Calculate the highest common factor of x and 361.
19
Let d(u) = -50*u - 129. Let h be d(-3). Calculate the highest common factor of h and 7.
7
Let w be (203/(-348) - (-2)/(-3))*-8. What is the greatest common factor of w and 185?
5
Suppose -2*s + 3*q + 23 = -0, 3*s - 43 = -4*q. Calculate the greatest common divisor of s and 13.
13
Let l = 390 + -2188. Let y be l/(-8) + (-9)/12. Calculate the highest common factor of y and 28.
28
Let y(n) = 46*n**2 + n + 15. Let x be y(5). What is the highest common divisor of x and 90?
90
Let a be (-3 - -1)*2/(-4) + -3. Let d(j) = j**2 - 3*j - 7. Let w be d(a). Calculate the greatest common factor of w and 3.
3
Suppose 0 = -f + g + 227, 0*f + 4*g + 236 = f. Suppose 5*h - h - f = 0. Calculate the greatest common divisor of 7 and h.
7
Let v(c) = -c. Let z be v(-5). Suppose -3*o + 14*o - 1188 = 0. Suppose -h + o = z*w, 80 = h - w - w. What is the highest common divisor of h and 11?
11
Let d be 9*(0 - -1) + 0. Suppose 5*h = 2*j - 0*h - 144, h = -4*j + 332. Let c = -46 + j. What is the highest common divisor of d and c?
9
Suppose -2*h = -k - 388 - 16, 5*h + 3*k = 1032. Suppose -5*a + 27 = p - 31, 4*p = a - 20. What is the highest common divisor of h and a?
12
Let z(u) = u**3 + 18*u**2 + 19*u + 38. Let k be z(-17). Let x(p) = -p - 1. Let c be x(-4). Suppose a = c*a - 72. What is the greatest common factor of k and a?
4
Suppose 0 = 4*a - 67 + 23. Suppose -5*h + j = -380, 3*j - 155 - 168 = -4*h. Calculate the greatest common factor of h and a.
11
Suppose -16*p + 24*p - 88 = 0. Let j(k) = -31*k + 19. Let f be j(-4). Calculate the greatest common factor of p and f.
11
Let v be -40*42/(-56)*(-2)/(-3). Calculate the highest common factor of v and 160.
20
Let i(x) = -117*x + 704. Let t be i(6). Calculate the highest common factor of 548 and t.
2
Let l = -857 - -1161. Calculate the highest common divisor of 57 and l.
19
Let f = -4 + 22. Let o(d) = -d**2 + 21*d + 1. Let i be o(f). What is the highest common divisor of i and 5?
5
Let y(s) = s**2 + 13*s + 42. Let d be y(-10). Calculate the highest common divisor of 6 and d.
6
Let m(i) = i**2 + 3*i. Let l(j) = -j - 1. Let d(c) = -4*l(c) + m(c). Let g be d(4). What is the highest common divisor of 12 and g?
12
Let b be (6/5)/((-8)/(-20)). Suppose -b*q = 4*i - 87, -9 = -5*q - 24. Calculate the greatest common divisor of 96 and i.
24
Suppose 5*b - 268 = 2*z, 5*z + 34 + 90 = 2*b. What is the greatest common divisor of 65 and b?
13
Let q = 1530 + -1208. Calculate the highest common factor of 230 and q.
46
Let n(o) = 2*o + 32. Let q = 1 - 5. Let u be n(q). Calculate the greatest common